{"id":3276,"date":"2024-01-22T11:56:07","date_gmt":"2024-01-22T10:56:07","guid":{"rendered":"https:\/\/confluencedesdroits-larevue.com\/?page_id=3276"},"modified":"2024-05-28T10:54:34","modified_gmt":"2024-05-28T08:54:34","slug":"le-retour-de-la-guerre","status":"publish","type":"page","link":"https:\/\/confluencedesdroits-larevue.com\/?page_id=3276","title":{"rendered":"Le retour de la guerre"},"content":{"rendered":"\n<h2 class=\"wp-block-heading has-text-align-left has-text-color\" style=\"color:#0071a1;font-size:22px\"><strong><span style=\"background-color:rgba(0, 0, 0, 0);color:#2b7b9d\" class=\"has-inline-color\">Dossier&nbsp;Le retour de la guerre&nbsp;<\/span><\/strong><\/h2>\n\n\n\n<p class=\"has-text-align-left\">coordonn\u00e9 par Romain Le B\u0153uf, <em>Professeur de droit public, Aix Marseille Univ, Universit\u00e9 de Toulon, CNRS, DICE, CERIC, Aix-en-Provence, France<\/em><br>et Caterina Severino, <em>Professeur \u00e0 Sciences Po Aix, Aix Marseille Univ, Universit\u00e9 de Toulon, CNRS, DICE, ILF, Aix-en-Provence, France<\/em>.<\/p>\n\n\n\n<p><\/p>\n\n\n\n<p><a href=\"https:\/\/confluencedesdroits-larevue.com\/?p=2448\">Romain Le&nbsp;B\u0153uf, Caterina&nbsp;Severino \u2013 Propos&nbsp;introductif. Le&nbsp;droit et&nbsp;la guerre<\/a><\/p>\n\n\n\n<h3 class=\"wp-block-heading has-text-color\" style=\"color:#0071a1;font-size:22px\">Chapitre 1. La guerre dans le droit<\/h3>\n\n\n\n<h4 class=\"wp-block-heading has-text-color\" style=\"color:#0071a1;font-size:22px\">A. Une perspective comparative&nbsp;: la guerre dans les Constitutions nationales<\/h4>\n\n\n\n<p><a href=\"https:\/\/confluencedesdroits-larevue.com\/?p=2452\">Olivier Lecucq \u2013 Constitution et Guerre. Le cas de l\u2019Espagne<\/a><\/p>\n\n\n\n<p><a href=\"https:\/\/confluencedesdroits-larevue.com\/?p=2456\">Lucie Delabie \u2013 La guerre dans la Constitution des&nbsp;\u00c9tats-Unis<\/a><\/p>\n\n\n\n<p><a href=\"https:\/\/confluencedesdroits-larevue.com\/?p=2457\">Manon Bonnet \u2014 La guerre dans la Constitution fran\u00e7aise<\/a><\/p>\n\n\n\n<p><a href=\"https:\/\/confluencedesdroits-larevue.com\/?p=2458\">Giuseppe de&nbsp;Vergottini \u2013 La guerre dans la Constitution italienne<\/a><\/p>\n\n\n\n<p><a href=\"https:\/\/confluencedesdroits-larevue.com\/?p=2459\">Shotaro Hamamoto \u2013 La guerre dans la Constitution japonaise<\/a><\/p>\n\n\n\n<p><a href=\"https:\/\/confluencedesdroits-larevue.com\/?p=2460\">Maria Gudzenko \u2013 La guerre dans la&nbsp;Constitution russe. L\u00e9gitimation&nbsp;malais\u00e9e de&nbsp;l\u2019ill\u00e9gitime<\/a><\/p>\n\n\n\n<h4 class=\"wp-block-heading has-text-color\" style=\"color:#0071a1;font-size:22px\">B. Une perspective pluridisciplinaire&nbsp;: la guerre dans les diff\u00e9rentes branches du droit<\/h4>\n\n\n\n<p><a href=\"https:\/\/confluencedesdroits-larevue.com\/?p=2461\">Entretien avec Olivier Corten \u2013 Le droit international et&nbsp;la&nbsp;guerre<\/a>&nbsp;&nbsp;&nbsp;&nbsp;&nbsp;&nbsp;&nbsp;&nbsp;&nbsp;&nbsp;&nbsp;&nbsp;<\/p>\n\n\n\n<p><a href=\"https:\/\/confluencedesdroits-larevue.com\/?p=2462\">Entretien avec Rostane Mehdi \u2013 Le droit europ\u00e9en et la guerre<\/a><\/p>\n\n\n\n<p><a href=\"https:\/\/confluencedesdroits-larevue.com\/?p=2463\"><\/a><a href=\"https:\/\/confluencedesdroits-larevue.com\/?p=2463\">Florent Baude \u2013 Le droit public et la guerre<\/a><\/p>\n\n\n\n<h3 class=\"wp-block-heading has-text-color\" style=\"color:#0071a1;font-size:22px\">Chapitre 2. Le droit dans la guerre<\/h3>\n\n\n\n<h3 class=\"wp-block-heading has-text-color\" style=\"color:#0071a1;font-size:22px\">A. Le droit \u00e0 l\u2019\u00e9preuve de la guerre<\/h3>\n\n\n\n<p><a href=\"https:\/\/confluencedesdroits-larevue.com\/?p=2474\">Romain Le B\u0153uf \u2013 Droit de la paix et droit de la guerre&nbsp;: que&nbsp;reste-t-il du temple de&nbsp;Janus&nbsp;?<\/a><\/p>\n\n\n\n<p><a><\/a><a href=\"https:\/\/confluencedesdroits-larevue.com\/?p=2477\">Edoardo Stoppioni \u2013 Le droit des&nbsp;investissements \u00e0&nbsp;l\u2019\u00e9preuve de&nbsp;la&nbsp;guerre<\/a><\/p>\n\n\n\n<p><a href=\"https:\/\/confluencedesdroits-larevue.com\/?p=2521\">Anne-Sophie Tabau, Sayouba Kabor\u00e9 \u2013 La protection de&nbsp;l\u2019environnement en rapport avec les conflits arm\u00e9s \u00e0 l\u2019aune du&nbsp;projet de&nbsp;principes de la Commission du&nbsp;droit international<\/a><\/p>\n\n\n\n<p><a href=\"https:\/\/confluencedesdroits-larevue.com\/?p=2478\">Louis Balmond \u2013 La libert\u00e9 de navigation \u00e0 l\u2019\u00e9preuve de&nbsp;la&nbsp;guerre<\/a><\/p>\n\n\n\n<p><a href=\"https:\/\/confluencedesdroits-larevue.com\/?p=2479\">Clothilde&nbsp;Blanchon, Nicolas&nbsp;Galliffet \u2013 L\u2019acte de&nbsp;gouvernement, les&nbsp;droits fondamentaux et la guerre. Un&nbsp;nouveau monstre, de&nbsp;nouvelles victimes&nbsp;?<\/a><\/p>\n\n\n\n<h4 class=\"wp-block-heading has-text-color\" style=\"color:#0071a1;font-size:22px\">B. Le droit, moyen de la guerre<\/h4>\n\n\n\n<p><a href=\"https:\/\/confluencedesdroits-larevue.com\/?p=2476\">Habib&nbsp;Badjinri Tour\u00e9 \u2013 Les sanctions internationales&nbsp;: fondements, natures et port\u00e9es<\/a><\/p>\n\n\n\n<p><a href=\"https:\/\/confluencedesdroits-larevue.com\/?p=2480\">Alexandre Kieffer \u2013 La coop\u00e9ration militaire avec un \u00c9tat agress\u00e9. Le cas des relations entre la France et l\u2019Ukraine<\/a><\/p>\n\n\n\n<p><a href=\"https:\/\/confluencedesdroits-larevue.com\/?p=2481\">Thibaud Mulier \u2013 Les exportations d\u2019armes de la France<\/a><\/p>\n\n\n\n<p><a href=\"https:\/\/confluencedesdroits-larevue.com\/?p=2483\">Xavier Cabannes \u2013 De quelques consid\u00e9rations g\u00e9n\u00e9rales et&nbsp;p\u00e9rissables sur les finances militaires li\u00e9es \u00e0&nbsp;la&nbsp;guerre et&nbsp;du&nbsp;cas&nbsp;particulier de la guerre en&nbsp;Ukraine<\/a><\/p>\n\n\n\n<h4 class=\"wp-block-heading has-text-color\" style=\"color:#0071a1;font-size:22px\">C. Le droit, limite \u00e0 la guerre<\/h4>\n\n\n\n<p><a href=\"https:\/\/confluencedesdroits-larevue.com\/?p=2484\">Lucie Paiola \u2013 Les\u00a0instruments de\u00a0r\u00e9tablissement de\u00a0la\u00a0paix<\/a><\/p>\n\n\n\n<p><a href=\"https:\/\/confluencedesdroits-larevue.com\/?p=2485\">Yann Jurovics \u2013 Les poursuites p\u00e9nales des&nbsp;responsables de&nbsp;la&nbsp;guerre en Ukraine<\/a><\/p>\n\n\n\n<p><a href=\"https:\/\/confluencedesdroits-larevue.com\/?p=2486\">Nikolaos Karmis \u2013 Les r\u00e9parations de&nbsp;guerre&nbsp;: entre&nbsp;r\u00e9surgence et&nbsp;renouvellement<\/a><\/p>\n\n\n\n<p><a href=\"https:\/\/confluencedesdroits-larevue.com\/?p=2529\">Marjorie Beulay \u2013 R\u00e9former les&nbsp;Nations&nbsp;Unies&nbsp;?<\/a><\/p>\n","protected":false},"excerpt":{"rendered":"<p>Dossier&nbsp;Le retour de la guerre&nbsp; coordonn\u00e9 par Romain Le B\u0153uf, Professeur de droit public, Aix Marseille Univ, Universit\u00e9 de Toulon, CNRS, DICE, CERIC, Aix-en-Provence, Franceet Caterina Severino, Professeur \u00e0 Sciences Po Aix, Aix Marseille Univ, Universit\u00e9 de Toulon, CNRS, DICE, ILF, Aix-en-Provence, France. Romain Le&nbsp;B\u0153uf, Caterina&nbsp;Severino \u2013 Propos&nbsp;introductif. Le&nbsp;droit et&nbsp;la guerre Chapitre 1. La guerre [&hellip;]<\/p>\n","protected":false},"author":2,"featured_media":0,"parent":1440,"menu_order":0,"comment_status":"closed","ping_status":"closed","template":"","meta":{"_editorskit_title_hidden":false,"_editorskit_reading_time":0,"_editorskit_is_block_options_detached":false,"_editorskit_block_options_position":"{}","footnotes":""},"yoast_head":"<!-- This site is optimized with the Yoast SEO plugin v21.0 - https:\/\/yoast.com\/wordpress\/plugins\/seo\/ -->\n<title>Le retour de la guerre - Confluence des droits_La revue<\/title>\n<meta name=\"robots\" content=\"index, follow, max-snippet:-1, max-image-preview:large, max-video-preview:-1\" \/>\n<link rel=\"canonical\" href=\"https:\/\/confluencedesdroits-larevue.com\/?page_id=3276\" \/>\n<meta property=\"og:locale\" content=\"fr_FR\" \/>\n<meta property=\"og:type\" content=\"article\" \/>\n<meta property=\"og:title\" content=\"Le retour de la guerre - Confluence des droits_La revue\" \/>\n<meta property=\"og:description\" content=\"Dossier&nbsp;Le retour de la guerre&nbsp; coordonn\u00e9 par Romain Le B\u0153uf, Professeur de droit public, Aix Marseille Univ, Universit\u00e9 de Toulon, CNRS, DICE, CERIC, Aix-en-Provence, Franceet Caterina Severino, Professeur \u00e0 Sciences Po Aix, Aix Marseille Univ, Universit\u00e9 de Toulon, CNRS, DICE, ILF, Aix-en-Provence, France. Romain Le&nbsp;B\u0153uf, Caterina&nbsp;Severino \u2013 Propos&nbsp;introductif. Le&nbsp;droit et&nbsp;la guerre Chapitre 1. La guerre [&hellip;]\" \/>\n<meta property=\"og:url\" content=\"https:\/\/confluencedesdroits-larevue.com\/?page_id=3276\" \/>\n<meta property=\"og:site_name\" content=\"Confluence des droits_La revue\" \/>\n<meta property=\"article:modified_time\" content=\"2024-05-28T08:54:34+00:00\" \/>\n<meta name=\"twitter:card\" content=\"summary_large_image\" \/>\n<meta name=\"twitter:label1\" content=\"Dur\u00e9e de lecture estim\u00e9e\" \/>\n\t<meta name=\"twitter:data1\" content=\"2 minutes\" \/>\n<script type=\"application\/ld+json\" class=\"yoast-schema-graph\">{\"@context\":\"https:\/\/schema.org\",\"@graph\":[{\"@type\":\"WebPage\",\"@id\":\"https:\/\/confluencedesdroits-larevue.com\/?page_id=3276\",\"url\":\"https:\/\/confluencedesdroits-larevue.com\/?page_id=3276\",\"name\":\"Le retour de la guerre - Confluence des droits_La revue\",\"isPartOf\":{\"@id\":\"https:\/\/confluencedesdroits-larevue.com\/#website\"},\"datePublished\":\"2024-01-22T10:56:07+00:00\",\"dateModified\":\"2024-05-28T08:54:34+00:00\",\"breadcrumb\":{\"@id\":\"https:\/\/confluencedesdroits-larevue.com\/?page_id=3276#breadcrumb\"},\"inLanguage\":\"fr-FR\",\"potentialAction\":[{\"@type\":\"ReadAction\",\"target\":[\"https:\/\/confluencedesdroits-larevue.com\/?page_id=3276\"]}]},{\"@type\":\"BreadcrumbList\",\"@id\":\"https:\/\/confluencedesdroits-larevue.com\/?page_id=3276#breadcrumb\",\"itemListElement\":[{\"@type\":\"ListItem\",\"position\":1,\"name\":\"Accueil\",\"item\":\"https:\/\/confluencedesdroits-larevue.com\/\"},{\"@type\":\"ListItem\",\"position\":2,\"name\":\"Nos dossiers sp\u00e9ciaux\",\"item\":\"https:\/\/confluencedesdroits-larevue.com\/?page_id=1440\"},{\"@type\":\"ListItem\",\"position\":3,\"name\":\"Le retour de la guerre\"}]},{\"@type\":\"WebSite\",\"@id\":\"https:\/\/confluencedesdroits-larevue.com\/#website\",\"url\":\"https:\/\/confluencedesdroits-larevue.com\/\",\"name\":\"Confluence des droits_La revue\",\"description\":\"UMR 7318 Droits International, Compar\u00e9 et Europ\u00e9en\",\"publisher\":{\"@id\":\"https:\/\/confluencedesdroits-larevue.com\/#organization\"},\"potentialAction\":[{\"@type\":\"SearchAction\",\"target\":{\"@type\":\"EntryPoint\",\"urlTemplate\":\"https:\/\/confluencedesdroits-larevue.com\/?s={search_term_string}\"},\"query-input\":\"required name=search_term_string\"}],\"inLanguage\":\"fr-FR\"},{\"@type\":\"Organization\",\"@id\":\"https:\/\/confluencedesdroits-larevue.com\/#organization\",\"name\":\"Confluence des droits_La revue\",\"url\":\"https:\/\/confluencedesdroits-larevue.com\/\",\"logo\":{\"@type\":\"ImageObject\",\"inLanguage\":\"fr-FR\",\"@id\":\"https:\/\/confluencedesdroits-larevue.com\/#\/schema\/logo\/image\/\",\"url\":\"https:\/\/confluencedesdroits-larevue.com\/wp-content\/uploads\/2024\/05\/Confluence-des-droits_La-revue.png\",\"contentUrl\":\"https:\/\/confluencedesdroits-larevue.com\/wp-content\/uploads\/2024\/05\/Confluence-des-droits_La-revue.png\",\"width\":3934,\"height\":613,\"caption\":\"Confluence des droits_La revue\"},\"image\":{\"@id\":\"https:\/\/confluencedesdroits-larevue.com\/#\/schema\/logo\/image\/\"}}]}<\/script>\n<!-- \/ Yoast SEO plugin. -->","yoast_head_json":{"title":"Le retour de la guerre - Confluence des droits_La revue","robots":{"index":"index","follow":"follow","max-snippet":"max-snippet:-1","max-image-preview":"max-image-preview:large","max-video-preview":"max-video-preview:-1"},"canonical":"https:\/\/confluencedesdroits-larevue.com\/?page_id=3276","og_locale":"fr_FR","og_type":"article","og_title":"Le retour de la guerre - Confluence des droits_La revue","og_description":"Dossier&nbsp;Le retour de la guerre&nbsp; coordonn\u00e9 par Romain Le B\u0153uf, Professeur de droit public, Aix Marseille Univ, Universit\u00e9 de Toulon, CNRS, DICE, CERIC, Aix-en-Provence, Franceet Caterina Severino, Professeur \u00e0 Sciences Po Aix, Aix Marseille Univ, Universit\u00e9 de Toulon, CNRS, DICE, ILF, Aix-en-Provence, France. Romain Le&nbsp;B\u0153uf, Caterina&nbsp;Severino \u2013 Propos&nbsp;introductif. Le&nbsp;droit et&nbsp;la guerre Chapitre 1. La guerre [&hellip;]","og_url":"https:\/\/confluencedesdroits-larevue.com\/?page_id=3276","og_site_name":"Confluence des droits_La revue","article_modified_time":"2024-05-28T08:54:34+00:00","twitter_card":"summary_large_image","twitter_misc":{"Dur\u00e9e de lecture estim\u00e9e":"2 minutes"},"schema":{"@context":"https:\/\/schema.org","@graph":[{"@type":"WebPage","@id":"https:\/\/confluencedesdroits-larevue.com\/?page_id=3276","url":"https:\/\/confluencedesdroits-larevue.com\/?page_id=3276","name":"Le retour de la guerre - Confluence des droits_La revue","isPartOf":{"@id":"https:\/\/confluencedesdroits-larevue.com\/#website"},"datePublished":"2024-01-22T10:56:07+00:00","dateModified":"2024-05-28T08:54:34+00:00","breadcrumb":{"@id":"https:\/\/confluencedesdroits-larevue.com\/?page_id=3276#breadcrumb"},"inLanguage":"fr-FR","potentialAction":[{"@type":"ReadAction","target":["https:\/\/confluencedesdroits-larevue.com\/?page_id=3276"]}]},{"@type":"BreadcrumbList","@id":"https:\/\/confluencedesdroits-larevue.com\/?page_id=3276#breadcrumb","itemListElement":[{"@type":"ListItem","position":1,"name":"Accueil","item":"https:\/\/confluencedesdroits-larevue.com\/"},{"@type":"ListItem","position":2,"name":"Nos dossiers sp\u00e9ciaux","item":"https:\/\/confluencedesdroits-larevue.com\/?page_id=1440"},{"@type":"ListItem","position":3,"name":"Le retour de la guerre"}]},{"@type":"WebSite","@id":"https:\/\/confluencedesdroits-larevue.com\/#website","url":"https:\/\/confluencedesdroits-larevue.com\/","name":"Confluence des droits_La revue","description":"UMR 7318 Droits International, Compar\u00e9 et Europ\u00e9en","publisher":{"@id":"https:\/\/confluencedesdroits-larevue.com\/#organization"},"potentialAction":[{"@type":"SearchAction","target":{"@type":"EntryPoint","urlTemplate":"https:\/\/confluencedesdroits-larevue.com\/?s={search_term_string}"},"query-input":"required name=search_term_string"}],"inLanguage":"fr-FR"},{"@type":"Organization","@id":"https:\/\/confluencedesdroits-larevue.com\/#organization","name":"Confluence des droits_La revue","url":"https:\/\/confluencedesdroits-larevue.com\/","logo":{"@type":"ImageObject","inLanguage":"fr-FR","@id":"https:\/\/confluencedesdroits-larevue.com\/#\/schema\/logo\/image\/","url":"https:\/\/confluencedesdroits-larevue.com\/wp-content\/uploads\/2024\/05\/Confluence-des-droits_La-revue.png","contentUrl":"https:\/\/confluencedesdroits-larevue.com\/wp-content\/uploads\/2024\/05\/Confluence-des-droits_La-revue.png","width":3934,"height":613,"caption":"Confluence des droits_La revue"},"image":{"@id":"https:\/\/confluencedesdroits-larevue.com\/#\/schema\/logo\/image\/"}}]}},"post_mailing_queue_ids":[],"_links":{"self":[{"href":"https:\/\/confluencedesdroits-larevue.com\/index.php?rest_route=\/wp\/v2\/pages\/3276"}],"collection":[{"href":"https:\/\/confluencedesdroits-larevue.com\/index.php?rest_route=\/wp\/v2\/pages"}],"about":[{"href":"https:\/\/confluencedesdroits-larevue.com\/index.php?rest_route=\/wp\/v2\/types\/page"}],"author":[{"embeddable":true,"href":"https:\/\/confluencedesdroits-larevue.com\/index.php?rest_route=\/wp\/v2\/users\/2"}],"replies":[{"embeddable":true,"href":"https:\/\/confluencedesdroits-larevue.com\/index.php?rest_route=%2Fwp%2Fv2%2Fcomments&post=3276"}],"version-history":[{"count":16,"href":"https:\/\/confluencedesdroits-larevue.com\/index.php?rest_route=\/wp\/v2\/pages\/3276\/revisions"}],"predecessor-version":[{"id":3574,"href":"https:\/\/confluencedesdroits-larevue.com\/index.php?rest_route=\/wp\/v2\/pages\/3276\/revisions\/3574"}],"up":[{"embeddable":true,"href":"https:\/\/confluencedesdroits-larevue.com\/index.php?rest_route=\/wp\/v2\/pages\/1440"}],"wp:attachment":[{"href":"https:\/\/confluencedesdroits-larevue.com\/index.php?rest_route=%2Fwp%2Fv2%2Fmedia&parent=3276"}],"curies":[{"name":"wp","href":"https:\/\/api.w.org\/{rel}","templated":true}]}}