{"id":1864,"date":"2022-03-28T10:53:57","date_gmt":"2022-03-28T08:53:57","guid":{"rendered":"https:\/\/confluencedesdroits-larevue.com\/?page_id=1864"},"modified":"2023-03-21T15:54:07","modified_gmt":"2023-03-21T14:54:07","slug":"etats-unis","status":"publish","type":"page","link":"https:\/\/confluencedesdroits-larevue.com\/?page_id=1864","title":{"rendered":"Actualit\u00e9s aux \u00c9tats-Unis"},"content":{"rendered":"\n<p class=\"has-text-align-left\" style=\"font-size:22px\"><strong><span style=\"color:#2b7b9d\" class=\"has-inline-color\">Dossier Actualit\u00e9s aux<\/span><\/strong> <strong><span style=\"color:#2b7b9d\" class=\"has-inline-color\">\u00c9tats-Unis<\/span><\/strong><\/p>\n\n\n\n<p class=\"has-text-align-left\"> coordonn\u00e9 par <strong>Marthe Fatin-Rouge Stefanini<\/strong>, Directrice de recherche au CNRS, AMU, UMR DICE<\/p>\n\n\n\n<hr class=\"wp-block-separator\"\/>\n\n\n\n<hr class=\"wp-block-separator\"\/>\n\n\n\n<hr class=\"wp-block-separator\"\/>\n\n\n\n<p><a href=\"https:\/\/confluencedesdroits-larevue.com\/?p=1907\"><strong>A. Bachert-Peretti <\/strong>\u2013 La pr\u00e9sidence Trump et la Cour supr\u00eame&nbsp;: les nominations judiciaires comme causes et cons\u00e9quences des (d\u00e9s)\u00e9quilibres politiques am\u00e9ricains<\/a><\/p>\n\n\n\n<p><\/p>\n\n\n\n<p><a href=\"https:\/\/confluencedesdroits-larevue.com\/?p=1892\"><strong>A. Coutant \u2013 <\/strong>Les exc\u00e8s de Donald Trump devant la justice am\u00e9ricaine, la responsabilit\u00e9 du pr\u00e9sident et de l\u2019individu<\/a><\/p>\n\n\n\n<p><\/p>\n\n\n\n<p><a href=\"https:\/\/confluencedesdroits-larevue.com\/?p=1877\"><strong>D. Custos<\/strong> \u2013 Le f\u00e9d\u00e9ralisme \u00e9tats-unien \u00e0 l\u2019\u00e9preuve du Covid-19 : un miroir sur ses forces et faiblesses<\/a><\/p>\n\n\n\n<p><\/p>\n\n\n\n<p><a href=\"https:\/\/confluencedesdroits-larevue.com\/?p=2000\"> <strong>J. Boudon \u2013 <\/strong>La r\u00e9forme du mode de d\u00e9signation du pr\u00e9sident des \u00c9tats-Unis<\/a><\/p>\n\n\n\n<p><\/p>\n\n\n\n<p><a href=\"https:\/\/confluencedesdroits-larevue.com\/?p=2311\"><strong>D. Orentlicher<\/strong> \u2013&nbsp;Gun Regulation and the U.S. Constitution<\/a><\/p>\n\n\n\n<p><\/p>\n","protected":false},"excerpt":{"rendered":"<p>Dossier Actualit\u00e9s aux \u00c9tats-Unis coordonn\u00e9 par Marthe Fatin-Rouge Stefanini, Directrice de recherche au CNRS, AMU, UMR DICE A. Bachert-Peretti \u2013 La pr\u00e9sidence Trump et la Cour supr\u00eame&nbsp;: les nominations judiciaires comme causes et cons\u00e9quences des (d\u00e9s)\u00e9quilibres politiques am\u00e9ricains A. Coutant \u2013 Les exc\u00e8s de Donald Trump devant la justice am\u00e9ricaine, la responsabilit\u00e9 du pr\u00e9sident et [&hellip;]<\/p>\n","protected":false},"author":1,"featured_media":0,"parent":0,"menu_order":0,"comment_status":"closed","ping_status":"closed","template":"","meta":{"_editorskit_title_hidden":false,"_editorskit_reading_time":0,"_editorskit_is_block_options_detached":false,"_editorskit_block_options_position":"{}","footnotes":""},"yoast_head":"<!-- This site is optimized with the Yoast SEO plugin v21.0 - https:\/\/yoast.com\/wordpress\/plugins\/seo\/ -->\n<title>Actualit\u00e9s aux \u00c9tats-Unis - Confluence des droits_La revue<\/title>\n<meta name=\"robots\" content=\"index, follow, max-snippet:-1, max-image-preview:large, max-video-preview:-1\" \/>\n<link rel=\"canonical\" href=\"https:\/\/confluencedesdroits-larevue.com\/?page_id=1864\" \/>\n<meta property=\"og:locale\" content=\"fr_FR\" \/>\n<meta property=\"og:type\" content=\"article\" \/>\n<meta property=\"og:title\" content=\"Actualit\u00e9s aux \u00c9tats-Unis - Confluence des droits_La revue\" \/>\n<meta property=\"og:description\" content=\"Dossier Actualit\u00e9s aux \u00c9tats-Unis coordonn\u00e9 par Marthe Fatin-Rouge Stefanini, Directrice de recherche au CNRS, AMU, UMR DICE A. Bachert-Peretti \u2013 La pr\u00e9sidence Trump et la Cour supr\u00eame&nbsp;: les nominations judiciaires comme causes et cons\u00e9quences des (d\u00e9s)\u00e9quilibres politiques am\u00e9ricains A. Coutant \u2013 Les exc\u00e8s de Donald Trump devant la justice am\u00e9ricaine, la responsabilit\u00e9 du pr\u00e9sident et [&hellip;]\" \/>\n<meta property=\"og:url\" content=\"https:\/\/confluencedesdroits-larevue.com\/?page_id=1864\" \/>\n<meta property=\"og:site_name\" content=\"Confluence des droits_La revue\" \/>\n<meta property=\"article:modified_time\" content=\"2023-03-21T14:54:07+00:00\" \/>\n<meta name=\"twitter:card\" content=\"summary_large_image\" \/>\n<meta name=\"twitter:label1\" content=\"Dur\u00e9e de lecture estim\u00e9e\" \/>\n\t<meta name=\"twitter:data1\" content=\"1 minute\" \/>\n<script type=\"application\/ld+json\" class=\"yoast-schema-graph\">{\"@context\":\"https:\/\/schema.org\",\"@graph\":[{\"@type\":\"WebPage\",\"@id\":\"https:\/\/confluencedesdroits-larevue.com\/?page_id=1864\",\"url\":\"https:\/\/confluencedesdroits-larevue.com\/?page_id=1864\",\"name\":\"Actualit\u00e9s aux \u00c9tats-Unis - Confluence des droits_La revue\",\"isPartOf\":{\"@id\":\"https:\/\/confluencedesdroits-larevue.com\/#website\"},\"datePublished\":\"2022-03-28T08:53:57+00:00\",\"dateModified\":\"2023-03-21T14:54:07+00:00\",\"breadcrumb\":{\"@id\":\"https:\/\/confluencedesdroits-larevue.com\/?page_id=1864#breadcrumb\"},\"inLanguage\":\"fr-FR\",\"potentialAction\":[{\"@type\":\"ReadAction\",\"target\":[\"https:\/\/confluencedesdroits-larevue.com\/?page_id=1864\"]}]},{\"@type\":\"BreadcrumbList\",\"@id\":\"https:\/\/confluencedesdroits-larevue.com\/?page_id=1864#breadcrumb\",\"itemListElement\":[{\"@type\":\"ListItem\",\"position\":1,\"name\":\"Accueil\",\"item\":\"https:\/\/confluencedesdroits-larevue.com\/\"},{\"@type\":\"ListItem\",\"position\":2,\"name\":\"Actualit\u00e9s aux \u00c9tats-Unis\"}]},{\"@type\":\"WebSite\",\"@id\":\"https:\/\/confluencedesdroits-larevue.com\/#website\",\"url\":\"https:\/\/confluencedesdroits-larevue.com\/\",\"name\":\"Confluence des droits_La revue\",\"description\":\"UMR 7318 Droits International, Compar\u00e9 et Europ\u00e9en\",\"publisher\":{\"@id\":\"https:\/\/confluencedesdroits-larevue.com\/#organization\"},\"potentialAction\":[{\"@type\":\"SearchAction\",\"target\":{\"@type\":\"EntryPoint\",\"urlTemplate\":\"https:\/\/confluencedesdroits-larevue.com\/?s={search_term_string}\"},\"query-input\":\"required name=search_term_string\"}],\"inLanguage\":\"fr-FR\"},{\"@type\":\"Organization\",\"@id\":\"https:\/\/confluencedesdroits-larevue.com\/#organization\",\"name\":\"Confluence des droits_La revue\",\"url\":\"https:\/\/confluencedesdroits-larevue.com\/\",\"logo\":{\"@type\":\"ImageObject\",\"inLanguage\":\"fr-FR\",\"@id\":\"https:\/\/confluencedesdroits-larevue.com\/#\/schema\/logo\/image\/\",\"url\":\"https:\/\/confluencedesdroits-larevue.com\/wp-content\/uploads\/2024\/05\/Confluence-des-droits_La-revue.png\",\"contentUrl\":\"https:\/\/confluencedesdroits-larevue.com\/wp-content\/uploads\/2024\/05\/Confluence-des-droits_La-revue.png\",\"width\":3934,\"height\":613,\"caption\":\"Confluence des droits_La revue\"},\"image\":{\"@id\":\"https:\/\/confluencedesdroits-larevue.com\/#\/schema\/logo\/image\/\"}}]}<\/script>\n<!-- \/ Yoast SEO plugin. -->","yoast_head_json":{"title":"Actualit\u00e9s aux \u00c9tats-Unis - Confluence des droits_La revue","robots":{"index":"index","follow":"follow","max-snippet":"max-snippet:-1","max-image-preview":"max-image-preview:large","max-video-preview":"max-video-preview:-1"},"canonical":"https:\/\/confluencedesdroits-larevue.com\/?page_id=1864","og_locale":"fr_FR","og_type":"article","og_title":"Actualit\u00e9s aux \u00c9tats-Unis - Confluence des droits_La revue","og_description":"Dossier Actualit\u00e9s aux \u00c9tats-Unis coordonn\u00e9 par Marthe Fatin-Rouge Stefanini, Directrice de recherche au CNRS, AMU, UMR DICE A. Bachert-Peretti \u2013 La pr\u00e9sidence Trump et la Cour supr\u00eame&nbsp;: les nominations judiciaires comme causes et cons\u00e9quences des (d\u00e9s)\u00e9quilibres politiques am\u00e9ricains A. Coutant \u2013 Les exc\u00e8s de Donald Trump devant la justice am\u00e9ricaine, la responsabilit\u00e9 du pr\u00e9sident et [&hellip;]","og_url":"https:\/\/confluencedesdroits-larevue.com\/?page_id=1864","og_site_name":"Confluence des droits_La revue","article_modified_time":"2023-03-21T14:54:07+00:00","twitter_card":"summary_large_image","twitter_misc":{"Dur\u00e9e de lecture estim\u00e9e":"1 minute"},"schema":{"@context":"https:\/\/schema.org","@graph":[{"@type":"WebPage","@id":"https:\/\/confluencedesdroits-larevue.com\/?page_id=1864","url":"https:\/\/confluencedesdroits-larevue.com\/?page_id=1864","name":"Actualit\u00e9s aux \u00c9tats-Unis - Confluence des droits_La revue","isPartOf":{"@id":"https:\/\/confluencedesdroits-larevue.com\/#website"},"datePublished":"2022-03-28T08:53:57+00:00","dateModified":"2023-03-21T14:54:07+00:00","breadcrumb":{"@id":"https:\/\/confluencedesdroits-larevue.com\/?page_id=1864#breadcrumb"},"inLanguage":"fr-FR","potentialAction":[{"@type":"ReadAction","target":["https:\/\/confluencedesdroits-larevue.com\/?page_id=1864"]}]},{"@type":"BreadcrumbList","@id":"https:\/\/confluencedesdroits-larevue.com\/?page_id=1864#breadcrumb","itemListElement":[{"@type":"ListItem","position":1,"name":"Accueil","item":"https:\/\/confluencedesdroits-larevue.com\/"},{"@type":"ListItem","position":2,"name":"Actualit\u00e9s aux \u00c9tats-Unis"}]},{"@type":"WebSite","@id":"https:\/\/confluencedesdroits-larevue.com\/#website","url":"https:\/\/confluencedesdroits-larevue.com\/","name":"Confluence des droits_La revue","description":"UMR 7318 Droits International, Compar\u00e9 et Europ\u00e9en","publisher":{"@id":"https:\/\/confluencedesdroits-larevue.com\/#organization"},"potentialAction":[{"@type":"SearchAction","target":{"@type":"EntryPoint","urlTemplate":"https:\/\/confluencedesdroits-larevue.com\/?s={search_term_string}"},"query-input":"required name=search_term_string"}],"inLanguage":"fr-FR"},{"@type":"Organization","@id":"https:\/\/confluencedesdroits-larevue.com\/#organization","name":"Confluence des droits_La revue","url":"https:\/\/confluencedesdroits-larevue.com\/","logo":{"@type":"ImageObject","inLanguage":"fr-FR","@id":"https:\/\/confluencedesdroits-larevue.com\/#\/schema\/logo\/image\/","url":"https:\/\/confluencedesdroits-larevue.com\/wp-content\/uploads\/2024\/05\/Confluence-des-droits_La-revue.png","contentUrl":"https:\/\/confluencedesdroits-larevue.com\/wp-content\/uploads\/2024\/05\/Confluence-des-droits_La-revue.png","width":3934,"height":613,"caption":"Confluence des droits_La revue"},"image":{"@id":"https:\/\/confluencedesdroits-larevue.com\/#\/schema\/logo\/image\/"}}]}},"post_mailing_queue_ids":[],"_links":{"self":[{"href":"https:\/\/confluencedesdroits-larevue.com\/index.php?rest_route=\/wp\/v2\/pages\/1864"}],"collection":[{"href":"https:\/\/confluencedesdroits-larevue.com\/index.php?rest_route=\/wp\/v2\/pages"}],"about":[{"href":"https:\/\/confluencedesdroits-larevue.com\/index.php?rest_route=\/wp\/v2\/types\/page"}],"author":[{"embeddable":true,"href":"https:\/\/confluencedesdroits-larevue.com\/index.php?rest_route=\/wp\/v2\/users\/1"}],"replies":[{"embeddable":true,"href":"https:\/\/confluencedesdroits-larevue.com\/index.php?rest_route=%2Fwp%2Fv2%2Fcomments&post=1864"}],"version-history":[{"count":13,"href":"https:\/\/confluencedesdroits-larevue.com\/index.php?rest_route=\/wp\/v2\/pages\/1864\/revisions"}],"predecessor-version":[{"id":2373,"href":"https:\/\/confluencedesdroits-larevue.com\/index.php?rest_route=\/wp\/v2\/pages\/1864\/revisions\/2373"}],"wp:attachment":[{"href":"https:\/\/confluencedesdroits-larevue.com\/index.php?rest_route=%2Fwp%2Fv2%2Fmedia&parent=1864"}],"curies":[{"name":"wp","href":"https:\/\/api.w.org\/{rel}","templated":true}]}}