{"id":1447,"date":"2021-03-19T16:37:55","date_gmt":"2021-03-19T15:37:55","guid":{"rendered":"https:\/\/confluencedesdroits-larevue.com\/?page_id=1447"},"modified":"2022-12-14T14:45:22","modified_gmt":"2022-12-14T13:45:22","slug":"pollution-plastique-des-oceans","status":"publish","type":"page","link":"https:\/\/confluencedesdroits-larevue.com\/?page_id=1447","title":{"rendered":"Pollution plastique des oc\u00e9ans"},"content":{"rendered":"\n<p class=\"has-text-align-left has-text-color\" style=\"color:#0071a1;font-size:22px\"><strong><span style=\"color:#2b7b9d\" class=\"has-inline-color\">Dossier&nbsp;La lutte contre la pollution plastique des oc\u00e9ans en droit international, compar\u00e9 et europ\u00e9en&nbsp;<\/span><\/strong><\/p>\n\n\n\n<p class=\"has-text-align-left\">coordonn\u00e9 par <strong>Pascale Ricard<\/strong>, Charg\u00e9e de recherche au CNRS<\/p>\n\n\n\n<p><\/p>\n\n\n\n<p><a href=\"https:\/\/confluencedesdroits-larevue.com\/?p=2020\">Avant-propos&nbsp;: Pascale Ricard<\/a><\/p>\n\n\n\n<ul type=\"1\" start=\"0\"><li><a href=\"https:\/\/confluencedesdroits-larevue.com\/?p=2075\">Jean-Fran\u00e7ois Ghiglione, entretien&nbsp;: \u00ab&nbsp;<em>Pollutions plastiques&nbsp;: quelles solutions<\/em>&nbsp;?&nbsp;\u00bb<\/a><\/li><\/ul>\n\n\n\n<p class=\"has-text-color\" style=\"color:#0071a1\"><strong>I. Le r\u00f4le fondamental des droits interne, compar\u00e9 et europ\u00e9en&nbsp;: la n\u00e9cessit\u00e9 d\u2019agir \u00e0 la source, v\u00e9ritable solution \u00e0 la lutte contre la pollution plastique des oc\u00e9ans<\/strong><\/p>\n\n\n\n<ul><li><a href=\"https:\/\/confluencedesdroits-larevue.com\/?p=2091\">Ad\u00e9lie Pomade, \u00ab&nbsp;<em>Plastiques et environnement marin&nbsp;: des r\u00e9ponses juridiques pour des enjeux soci\u00e9taux&nbsp;? Perspectives fran\u00e7aises et europ\u00e9ennes<\/em>&nbsp;\u00bb.<\/a><\/li><li><a href=\"https:\/\/confluencedesdroits-larevue.com\/?p=2113\">Odeline Billant, Marie Bonnin, \u00ab&nbsp;<em>Regulating plastic bags along the Atlantic coast: a numerical experiment in environmental law <\/em>\u00bb.<\/a><\/li><li><a href=\"https:\/\/confluencedesdroits-larevue.com\/?p=2144\">\u00c8ve Truilh\u00e9, entretien&nbsp;: \u00ab&nbsp;<em>Pour une limitation effective de la pollution plastique&nbsp;: quelles pistes en droit de l\u2019UE&nbsp;?<\/em>&nbsp;\u00bb<\/a><\/li><\/ul>\n\n\n\n<p class=\"has-text-color\" style=\"color:#0071a1\"><strong>II. La prise en compte progressive et compl\u00e9mentaire du cycle de vie des d\u00e9chets plastiques par le droit international<\/strong><\/p>\n\n\n\n<ul><li><a href=\"https:\/\/confluencedesdroits-larevue.com\/?p=2164\">Sophie Gambardella, \u00ab\u00a0<em>L\u2019Organisation maritime internationale et la lutte contre la pollution plastique des oc\u00e9ans<\/em>\u00a0\u00bb.<\/a><\/li><li><a href=\"https:\/\/confluencedesdroits-larevue.com\/?p=2184\">Jost Dittkrist, Kei Ohno Woodall, \u00ab\u00a0<em>The Basel Convention \u2013 A critical Tool to Tackle Plastic Waste<\/em>\u00a0\u00bb.<\/a><\/li><li><a href=\"https:\/\/confluencedesdroits-larevue.com\/?p=2234\">Daria Vasilevskaia, \u00ab\u00a0<em>International and Regional Legal Framework Related to Trade in Plastic Waste<\/em>\u00a0\u00bb<\/a>.<\/li><\/ul>\n\n\n\n<p class=\"has-text-color\" style=\"color:#0071a1\"><strong>III. Les perspectives juridiques actuelles : quelle(s) forme(s) pour une approche plus globale et syst\u00e9mique du ph\u00e9nom\u00e8ne&nbsp;?<\/strong><\/p>\n\n\n\n<ul><li><a href=\"https:\/\/confluencedesdroits-larevue.com\/?p=2213\">Rapha\u00ebl Maurel, \u00ab&nbsp;<em>Libres propos sur l\u2019actualit\u00e9 du droit international relatif \u00e0 la lutte contre la pollution plastique des oc\u00e9ans<\/em> \u00bb.<\/a><\/li><\/ul>\n\n\n\n<p><\/p>\n","protected":false},"excerpt":{"rendered":"<p>Dossier&nbsp;La lutte contre la pollution plastique des oc\u00e9ans en droit international, compar\u00e9 et europ\u00e9en&nbsp; coordonn\u00e9 par Pascale Ricard, Charg\u00e9e de recherche au CNRS Avant-propos&nbsp;: Pascale Ricard Jean-Fran\u00e7ois Ghiglione, entretien&nbsp;: \u00ab&nbsp;Pollutions plastiques&nbsp;: quelles solutions&nbsp;?&nbsp;\u00bb I. Le r\u00f4le fondamental des droits interne, compar\u00e9 et europ\u00e9en&nbsp;: la n\u00e9cessit\u00e9 d\u2019agir \u00e0 la source, v\u00e9ritable solution \u00e0 la lutte contre [&hellip;]<\/p>\n","protected":false},"author":1,"featured_media":0,"parent":1440,"menu_order":0,"comment_status":"closed","ping_status":"closed","template":"","meta":{"_editorskit_title_hidden":false,"_editorskit_reading_time":0,"_editorskit_is_block_options_detached":false,"_editorskit_block_options_position":"{}","footnotes":""},"yoast_head":"<!-- This site is optimized with the Yoast SEO plugin v21.0 - https:\/\/yoast.com\/wordpress\/plugins\/seo\/ -->\n<title>Pollution plastique des oc\u00e9ans - Confluence des droits_La revue<\/title>\n<meta name=\"robots\" content=\"index, follow, max-snippet:-1, max-image-preview:large, max-video-preview:-1\" \/>\n<link rel=\"canonical\" href=\"https:\/\/confluencedesdroits-larevue.com\/?page_id=1447\" \/>\n<meta property=\"og:locale\" content=\"fr_FR\" \/>\n<meta property=\"og:type\" content=\"article\" \/>\n<meta property=\"og:title\" content=\"Pollution plastique des oc\u00e9ans - Confluence des droits_La revue\" \/>\n<meta property=\"og:description\" content=\"Dossier&nbsp;La lutte contre la pollution plastique des oc\u00e9ans en droit international, compar\u00e9 et europ\u00e9en&nbsp; coordonn\u00e9 par Pascale Ricard, Charg\u00e9e de recherche au CNRS Avant-propos&nbsp;: Pascale Ricard Jean-Fran\u00e7ois Ghiglione, entretien&nbsp;: \u00ab&nbsp;Pollutions plastiques&nbsp;: quelles solutions&nbsp;?&nbsp;\u00bb I. Le r\u00f4le fondamental des droits interne, compar\u00e9 et europ\u00e9en&nbsp;: la n\u00e9cessit\u00e9 d\u2019agir \u00e0 la source, v\u00e9ritable solution \u00e0 la lutte contre [&hellip;]\" \/>\n<meta property=\"og:url\" content=\"https:\/\/confluencedesdroits-larevue.com\/?page_id=1447\" \/>\n<meta property=\"og:site_name\" content=\"Confluence des droits_La revue\" \/>\n<meta property=\"article:modified_time\" content=\"2022-12-14T13:45:22+00:00\" \/>\n<meta name=\"twitter:card\" content=\"summary_large_image\" \/>\n<meta name=\"twitter:label1\" content=\"Dur\u00e9e de lecture estim\u00e9e\" \/>\n\t<meta name=\"twitter:data1\" content=\"1 minute\" \/>\n<script type=\"application\/ld+json\" class=\"yoast-schema-graph\">{\"@context\":\"https:\/\/schema.org\",\"@graph\":[{\"@type\":\"WebPage\",\"@id\":\"https:\/\/confluencedesdroits-larevue.com\/?page_id=1447\",\"url\":\"https:\/\/confluencedesdroits-larevue.com\/?page_id=1447\",\"name\":\"Pollution plastique des oc\u00e9ans - Confluence des droits_La revue\",\"isPartOf\":{\"@id\":\"https:\/\/confluencedesdroits-larevue.com\/#website\"},\"datePublished\":\"2021-03-19T15:37:55+00:00\",\"dateModified\":\"2022-12-14T13:45:22+00:00\",\"breadcrumb\":{\"@id\":\"https:\/\/confluencedesdroits-larevue.com\/?page_id=1447#breadcrumb\"},\"inLanguage\":\"fr-FR\",\"potentialAction\":[{\"@type\":\"ReadAction\",\"target\":[\"https:\/\/confluencedesdroits-larevue.com\/?page_id=1447\"]}]},{\"@type\":\"BreadcrumbList\",\"@id\":\"https:\/\/confluencedesdroits-larevue.com\/?page_id=1447#breadcrumb\",\"itemListElement\":[{\"@type\":\"ListItem\",\"position\":1,\"name\":\"Accueil\",\"item\":\"https:\/\/confluencedesdroits-larevue.com\/\"},{\"@type\":\"ListItem\",\"position\":2,\"name\":\"Nos dossiers sp\u00e9ciaux\",\"item\":\"https:\/\/confluencedesdroits-larevue.com\/?page_id=1440\"},{\"@type\":\"ListItem\",\"position\":3,\"name\":\"Pollution plastique des oc\u00e9ans\"}]},{\"@type\":\"WebSite\",\"@id\":\"https:\/\/confluencedesdroits-larevue.com\/#website\",\"url\":\"https:\/\/confluencedesdroits-larevue.com\/\",\"name\":\"Confluence des droits_La revue\",\"description\":\"UMR 7318 Droits International, Compar\u00e9 et Europ\u00e9en\",\"publisher\":{\"@id\":\"https:\/\/confluencedesdroits-larevue.com\/#organization\"},\"potentialAction\":[{\"@type\":\"SearchAction\",\"target\":{\"@type\":\"EntryPoint\",\"urlTemplate\":\"https:\/\/confluencedesdroits-larevue.com\/?s={search_term_string}\"},\"query-input\":\"required name=search_term_string\"}],\"inLanguage\":\"fr-FR\"},{\"@type\":\"Organization\",\"@id\":\"https:\/\/confluencedesdroits-larevue.com\/#organization\",\"name\":\"Confluence des droits_La revue\",\"url\":\"https:\/\/confluencedesdroits-larevue.com\/\",\"logo\":{\"@type\":\"ImageObject\",\"inLanguage\":\"fr-FR\",\"@id\":\"https:\/\/confluencedesdroits-larevue.com\/#\/schema\/logo\/image\/\",\"url\":\"https:\/\/confluencedesdroits-larevue.com\/wp-content\/uploads\/2024\/05\/Confluence-des-droits_La-revue.png\",\"contentUrl\":\"https:\/\/confluencedesdroits-larevue.com\/wp-content\/uploads\/2024\/05\/Confluence-des-droits_La-revue.png\",\"width\":3934,\"height\":613,\"caption\":\"Confluence des droits_La revue\"},\"image\":{\"@id\":\"https:\/\/confluencedesdroits-larevue.com\/#\/schema\/logo\/image\/\"}}]}<\/script>\n<!-- \/ Yoast SEO plugin. -->","yoast_head_json":{"title":"Pollution plastique des oc\u00e9ans - Confluence des droits_La revue","robots":{"index":"index","follow":"follow","max-snippet":"max-snippet:-1","max-image-preview":"max-image-preview:large","max-video-preview":"max-video-preview:-1"},"canonical":"https:\/\/confluencedesdroits-larevue.com\/?page_id=1447","og_locale":"fr_FR","og_type":"article","og_title":"Pollution plastique des oc\u00e9ans - Confluence des droits_La revue","og_description":"Dossier&nbsp;La lutte contre la pollution plastique des oc\u00e9ans en droit international, compar\u00e9 et europ\u00e9en&nbsp; coordonn\u00e9 par Pascale Ricard, Charg\u00e9e de recherche au CNRS Avant-propos&nbsp;: Pascale Ricard Jean-Fran\u00e7ois Ghiglione, entretien&nbsp;: \u00ab&nbsp;Pollutions plastiques&nbsp;: quelles solutions&nbsp;?&nbsp;\u00bb I. Le r\u00f4le fondamental des droits interne, compar\u00e9 et europ\u00e9en&nbsp;: la n\u00e9cessit\u00e9 d\u2019agir \u00e0 la source, v\u00e9ritable solution \u00e0 la lutte contre [&hellip;]","og_url":"https:\/\/confluencedesdroits-larevue.com\/?page_id=1447","og_site_name":"Confluence des droits_La revue","article_modified_time":"2022-12-14T13:45:22+00:00","twitter_card":"summary_large_image","twitter_misc":{"Dur\u00e9e de lecture estim\u00e9e":"1 minute"},"schema":{"@context":"https:\/\/schema.org","@graph":[{"@type":"WebPage","@id":"https:\/\/confluencedesdroits-larevue.com\/?page_id=1447","url":"https:\/\/confluencedesdroits-larevue.com\/?page_id=1447","name":"Pollution plastique des oc\u00e9ans - Confluence des droits_La revue","isPartOf":{"@id":"https:\/\/confluencedesdroits-larevue.com\/#website"},"datePublished":"2021-03-19T15:37:55+00:00","dateModified":"2022-12-14T13:45:22+00:00","breadcrumb":{"@id":"https:\/\/confluencedesdroits-larevue.com\/?page_id=1447#breadcrumb"},"inLanguage":"fr-FR","potentialAction":[{"@type":"ReadAction","target":["https:\/\/confluencedesdroits-larevue.com\/?page_id=1447"]}]},{"@type":"BreadcrumbList","@id":"https:\/\/confluencedesdroits-larevue.com\/?page_id=1447#breadcrumb","itemListElement":[{"@type":"ListItem","position":1,"name":"Accueil","item":"https:\/\/confluencedesdroits-larevue.com\/"},{"@type":"ListItem","position":2,"name":"Nos dossiers sp\u00e9ciaux","item":"https:\/\/confluencedesdroits-larevue.com\/?page_id=1440"},{"@type":"ListItem","position":3,"name":"Pollution plastique des oc\u00e9ans"}]},{"@type":"WebSite","@id":"https:\/\/confluencedesdroits-larevue.com\/#website","url":"https:\/\/confluencedesdroits-larevue.com\/","name":"Confluence des droits_La revue","description":"UMR 7318 Droits International, Compar\u00e9 et Europ\u00e9en","publisher":{"@id":"https:\/\/confluencedesdroits-larevue.com\/#organization"},"potentialAction":[{"@type":"SearchAction","target":{"@type":"EntryPoint","urlTemplate":"https:\/\/confluencedesdroits-larevue.com\/?s={search_term_string}"},"query-input":"required name=search_term_string"}],"inLanguage":"fr-FR"},{"@type":"Organization","@id":"https:\/\/confluencedesdroits-larevue.com\/#organization","name":"Confluence des droits_La revue","url":"https:\/\/confluencedesdroits-larevue.com\/","logo":{"@type":"ImageObject","inLanguage":"fr-FR","@id":"https:\/\/confluencedesdroits-larevue.com\/#\/schema\/logo\/image\/","url":"https:\/\/confluencedesdroits-larevue.com\/wp-content\/uploads\/2024\/05\/Confluence-des-droits_La-revue.png","contentUrl":"https:\/\/confluencedesdroits-larevue.com\/wp-content\/uploads\/2024\/05\/Confluence-des-droits_La-revue.png","width":3934,"height":613,"caption":"Confluence des droits_La revue"},"image":{"@id":"https:\/\/confluencedesdroits-larevue.com\/#\/schema\/logo\/image\/"}}]}},"post_mailing_queue_ids":[],"_links":{"self":[{"href":"https:\/\/confluencedesdroits-larevue.com\/index.php?rest_route=\/wp\/v2\/pages\/1447"}],"collection":[{"href":"https:\/\/confluencedesdroits-larevue.com\/index.php?rest_route=\/wp\/v2\/pages"}],"about":[{"href":"https:\/\/confluencedesdroits-larevue.com\/index.php?rest_route=\/wp\/v2\/types\/page"}],"author":[{"embeddable":true,"href":"https:\/\/confluencedesdroits-larevue.com\/index.php?rest_route=\/wp\/v2\/users\/1"}],"replies":[{"embeddable":true,"href":"https:\/\/confluencedesdroits-larevue.com\/index.php?rest_route=%2Fwp%2Fv2%2Fcomments&post=1447"}],"version-history":[{"count":16,"href":"https:\/\/confluencedesdroits-larevue.com\/index.php?rest_route=\/wp\/v2\/pages\/1447\/revisions"}],"predecessor-version":[{"id":2270,"href":"https:\/\/confluencedesdroits-larevue.com\/index.php?rest_route=\/wp\/v2\/pages\/1447\/revisions\/2270"}],"up":[{"embeddable":true,"href":"https:\/\/confluencedesdroits-larevue.com\/index.php?rest_route=\/wp\/v2\/pages\/1440"}],"wp:attachment":[{"href":"https:\/\/confluencedesdroits-larevue.com\/index.php?rest_route=%2Fwp%2Fv2%2Fmedia&parent=1447"}],"curies":[{"name":"wp","href":"https:\/\/api.w.org\/{rel}","templated":true}]}}

Pollution plastique des océans

<p class="has-text-align-left has-text-color" style="color:#0071a1;font-size:22px"><strong><span style="color:#2b7b9d" class="has-inline-color">Dossier&nbsp;La lutte contre la pollution plastique des océans en droit international, comparé et européen&nbsp;</span></strong></p>



<p class="has-text-align-left">coordonné par <strong>Pascale Ricard</strong>, Chargée de recherche au CNRS</p>



<p></p>



<p><a href="https://confluencedesdroits-larevue.com/?p=2020">Avant-propos&nbsp;: Pascale Ricard</a></p>



<ul type="1" start="0"><li><a href="https://confluencedesdroits-larevue.com/?p=2075">Jean-François Ghiglione, entretien&nbsp;: «&nbsp;<em>Pollutions plastiques&nbsp;: quelles solutions</em>&nbsp;?&nbsp;»</a></li></ul>



<p class="has-text-color" style="color:#0071a1"><strong>I. Le rôle fondamental des droits interne, comparé et européen&nbsp;: la nécessité d’agir à la source, véritable solution à la lutte contre la pollution plastique des océans</strong></p>



<ul><li><a href="https://confluencedesdroits-larevue.com/?p=2091">Adélie Pomade, «&nbsp;<em>Plastiques et environnement marin&nbsp;: des réponses juridiques pour des enjeux sociétaux&nbsp;? Perspectives françaises et européennes</em>&nbsp;».</a></li><li><a href="https://confluencedesdroits-larevue.com/?p=2113">Odeline Billant, Marie Bonnin, «&nbsp;<em>Regulating plastic bags along the Atlantic coast: a numerical experiment in environmental law </em>».</a></li><li><a href="https://confluencedesdroits-larevue.com/?p=2144">Ève Truilhé, entretien&nbsp;: «&nbsp;<em>Pour une limitation effective de la pollution plastique&nbsp;: quelles pistes en droit de l’UE&nbsp;?</em>&nbsp;»</a></li></ul>



<p class="has-text-color" style="color:#0071a1"><strong>II. La prise en compte progressive et complémentaire du cycle de vie des déchets plastiques par le droit international</strong></p>



<ul><li><a href="https://confluencedesdroits-larevue.com/?p=2164">Sophie Gambardella, « <em>L’Organisation maritime internationale et la lutte contre la pollution plastique des océans</em> ».</a></li><li><a href="https://confluencedesdroits-larevue.com/?p=2184">Jost Dittkrist, Kei Ohno Woodall, « <em>The Basel Convention – A critical Tool to Tackle Plastic Waste</em> ».</a></li><li><a href="https://confluencedesdroits-larevue.com/?p=2234">Daria Vasilevskaia, « <em>International and Regional Legal Framework Related to Trade in Plastic Waste</em> »</a>.</li></ul>



<p class="has-text-color" style="color:#0071a1"><strong>III. Les perspectives juridiques actuelles : quelle(s) forme(s) pour une approche plus globale et systémique du phénomène&nbsp;?</strong></p>



<ul><li><a href="https://confluencedesdroits-larevue.com/?p=2213">Raphaël Maurel, «&nbsp;<em>Libres propos sur l’actualité du droit international relatif à la lutte contre la pollution plastique des océans</em> ».</a></li></ul>



<p></p>

<p>Dossier&nbsp;La lutte contre la pollution plastique des océans en droit international, comparé et européen&nbsp; coordonné par Pascale Ricard, Chargée de recherche au CNRS Avant-propos&nbsp;: Pascale Ricard Jean-François Ghiglione, entretien&nbsp;: «&nbsp;Pollutions plastiques&nbsp;: quelles solutions&nbsp;?&nbsp;» I. Le rôle fondamental des droits interne, comparé et européen&nbsp;: la nécessité d’agir à la source, véritable solution à la lutte contre [&hellip;]</p>

<!-- This site is optimized with the Yoast SEO plugin v21.0 - https://yoast.com/wordpress/plugins/seo/ -->
<title>Pollution plastique des océans - Confluence des droits_La revue</title>
<meta name="robots" content="index, follow, max-snippet:-1, max-image-preview:large, max-video-preview:-1" />
<link rel="canonical" href="https://confluencedesdroits-larevue.com/?page_id=1447" />
<meta property="og:locale" content="fr_FR" />
<meta property="og:type" content="article" />
<meta property="og:title" content="Pollution plastique des océans - Confluence des droits_La revue" />
<meta property="og:description" content="Dossier&nbsp;La lutte contre la pollution plastique des océans en droit international, comparé et européen&nbsp; coordonné par Pascale Ricard, Chargée de recherche au CNRS Avant-propos&nbsp;: Pascale Ricard Jean-François Ghiglione, entretien&nbsp;: «&nbsp;Pollutions plastiques&nbsp;: quelles solutions&nbsp;?&nbsp;» I. Le rôle fondamental des droits interne, comparé et européen&nbsp;: la nécessité d’agir à la source, véritable solution à la lutte contre [&hellip;]" />
<meta property="og:url" content="https://confluencedesdroits-larevue.com/?page_id=1447" />
<meta property="og:site_name" content="Confluence des droits_La revue" />
<meta property="article:modified_time" content="2022-12-14T13:45:22+00:00" />
<meta name="twitter:card" content="summary_large_image" />
<meta name="twitter:label1" content="Durée de lecture estimée" />
	<meta name="twitter:data1" content="1 minute" />
<script type="application/ld+json" class="yoast-schema-graph">{"@context":"https://schema.org","@graph":[{"@type":"WebPage","@id":"https://confluencedesdroits-larevue.com/?page_id=1447","url":"https://confluencedesdroits-larevue.com/?page_id=1447","name":"Pollution plastique des océans - Confluence des droits_La revue","isPartOf":{"@id":"https://confluencedesdroits-larevue.com/#website"},"datePublished":"2021-03-19T15:37:55+00:00","dateModified":"2022-12-14T13:45:22+00:00","breadcrumb":{"@id":"https://confluencedesdroits-larevue.com/?page_id=1447#breadcrumb"},"inLanguage":"fr-FR","potentialAction":[{"@type":"ReadAction","target":["https://confluencedesdroits-larevue.com/?page_id=1447"]}]},{"@type":"BreadcrumbList","@id":"https://confluencedesdroits-larevue.com/?page_id=1447#breadcrumb","itemListElement":[{"@type":"ListItem","position":1,"name":"Accueil","item":"https://confluencedesdroits-larevue.com/"},{"@type":"ListItem","position":2,"name":"Nos dossiers spéciaux","item":"https://confluencedesdroits-larevue.com/?page_id=1440"},{"@type":"ListItem","position":3,"name":"Pollution plastique des océans"}]},{"@type":"WebSite","@id":"https://confluencedesdroits-larevue.com/#website","url":"https://confluencedesdroits-larevue.com/","name":"Confluence des droits_La revue","description":"UMR 7318 Droits International, Comparé et Européen","publisher":{"@id":"https://confluencedesdroits-larevue.com/#organization"},"potentialAction":[{"@type":"SearchAction","target":{"@type":"EntryPoint","urlTemplate":"https://confluencedesdroits-larevue.com/?s={search_term_string}"},"query-input":"required name=search_term_string"}],"inLanguage":"fr-FR"},{"@type":"Organization","@id":"https://confluencedesdroits-larevue.com/#organization","name":"Confluence des droits_La revue","url":"https://confluencedesdroits-larevue.com/","logo":{"@type":"ImageObject","inLanguage":"fr-FR","@id":"https://confluencedesdroits-larevue.com/#/schema/logo/image/","url":"https://confluencedesdroits-larevue.com/wp-content/uploads/2024/05/Confluence-des-droits_La-revue.png","contentUrl":"https://confluencedesdroits-larevue.com/wp-content/uploads/2024/05/Confluence-des-droits_La-revue.png","width":3934,"height":613,"caption":"Confluence des droits_La revue"},"image":{"@id":"https://confluencedesdroits-larevue.com/#/schema/logo/image/"}}]}</script>
<!-- / Yoast SEO plugin. -->

Pollution plastique des océans - Confluence des droits_La revue

Dossier&nbsp;La lutte contre la pollution plastique des océans en droit international, comparé et européen&nbsp; coordonné par Pascale Ricard, Chargée de recherche au CNRS Avant-propos&nbsp;: Pascale Ricard Jean-François Ghiglione, entretien&nbsp;: «&nbsp;Pollutions plastiques&nbsp;: quelles solutions&nbsp;?&nbsp;» I. Le rôle fondamental des droits interne, comparé et européen&nbsp;: la nécessité d’agir à la source, véritable solution à la lutte contre [&hellip;]

Nos dossiers spéciaux

UMR 7318 Droits International, Comparé et Européen
