{"id":1446,"date":"2021-03-19T16:37:55","date_gmt":"2021-03-19T15:37:55","guid":{"rendered":"https:\/\/confluencedesdroits-larevue.com\/?page_id=1446"},"modified":"2022-03-24T15:47:46","modified_gmt":"2022-03-24T14:47:46","slug":"revolutions-et-transitions-cubaines","status":"publish","type":"page","link":"https:\/\/confluencedesdroits-larevue.com\/?page_id=1446","title":{"rendered":"R\u00e9volutions et transitions cubaines"},"content":{"rendered":"\n<p class=\"has-text-align-left\" style=\"font-size:22px\"><strong><span style=\"color:#2b7b9d\" class=\"has-inline-color\">Dossier Droit, r\u00e9volutions et transitions. 1959-2019 : Cuba, soixante ans  de r\u00e9volution face \u00e0 la mondialisation<\/span><\/strong><\/p>\n\n\n\n<p class=\"has-text-align-left\"> coordonn\u00e9 par <strong>Laura Canali<\/strong>,<strong> Maria Gudzenko<\/strong> et <strong>Alice Monicat<\/strong>, Doctorantes, UMR DICE, AMU<\/p>\n\n\n\n<hr class=\"wp-block-separator\"\/>\n\n\n\n<hr class=\"wp-block-separator\"\/>\n\n\n\n<hr class=\"wp-block-separator\"\/>\n\n\n\n<p><a href=\"https:\/\/confluencedesdroits-larevue.com\/?p=1721\"><strong>M. Bonnet <\/strong>: Introduction\u2013 Une nouvelle constitution pour une nouvelle \u00e8re ?<\/a><\/p>\n\n\n\n<p><\/p>\n\n\n\n<p><a href=\"https:\/\/confluencedesdroits-larevue.com\/?p=1737\"><strong>M. Fatin-Rouge Stefanini <\/strong>: Cuba, une nouvelle Constitution pour une nouvelle \u00e8re ?<\/a><\/p>\n\n\n\n<p><\/p>\n\n\n\n<p><a href=\"https:\/\/confluencedesdroits-larevue.com\/?p=1767\"><strong>A. Chaguaceda &amp; E. Viera Canive<\/strong> : El Poder Pol\u00edtico en Cuba: apuntes sobre su naturaleza<\/a><\/p>\n\n\n\n<p><\/p>\n\n\n\n<p><a href=\"https:\/\/confluencedesdroits-larevue.com\/?p=1790\"><strong>J. Cilano Pelaez<\/strong> : La cooperaci\u00f3n europea en Cuba: actores, sectores y retos de la pol\u00edtica europea de cooperaci\u00f3n para el desarrollo<\/a><\/p>\n\n\n\n<p><\/p>\n\n\n\n<p><a href=\"https:\/\/confluencedesdroits-larevue.com\/?p=1821\"><strong>A. Vidal-Naquet<\/strong> : R\u00e9volutions et Constitutions : une analyse compar\u00e9e<\/a><\/p>\n","protected":false},"excerpt":{"rendered":"<p>Dossier Droit, r\u00e9volutions et transitions. 1959-2019 : Cuba, soixante ans de r\u00e9volution face \u00e0 la mondialisation coordonn\u00e9 par Laura Canali, Maria Gudzenko et Alice Monicat, Doctorantes, UMR DICE, AMU M. Bonnet : Introduction\u2013 Une nouvelle constitution pour une nouvelle \u00e8re ? M. Fatin-Rouge Stefanini : Cuba, une nouvelle Constitution pour une nouvelle \u00e8re ? A. [&hellip;]<\/p>\n","protected":false},"author":1,"featured_media":0,"parent":1440,"menu_order":0,"comment_status":"closed","ping_status":"closed","template":"","meta":{"_editorskit_title_hidden":false,"_editorskit_reading_time":0,"_editorskit_is_block_options_detached":false,"_editorskit_block_options_position":"{}","footnotes":""},"yoast_head":"<!-- This site is optimized with the Yoast SEO plugin v21.0 - https:\/\/yoast.com\/wordpress\/plugins\/seo\/ -->\n<title>R\u00e9volutions et transitions cubaines - Confluence des droits_La revue<\/title>\n<meta name=\"robots\" content=\"index, follow, max-snippet:-1, max-image-preview:large, max-video-preview:-1\" \/>\n<link rel=\"canonical\" href=\"https:\/\/confluencedesdroits-larevue.com\/?page_id=1446\" \/>\n<meta property=\"og:locale\" content=\"fr_FR\" \/>\n<meta property=\"og:type\" content=\"article\" \/>\n<meta property=\"og:title\" content=\"R\u00e9volutions et transitions cubaines - Confluence des droits_La revue\" \/>\n<meta property=\"og:description\" content=\"Dossier Droit, r\u00e9volutions et transitions. 1959-2019 : Cuba, soixante ans de r\u00e9volution face \u00e0 la mondialisation coordonn\u00e9 par Laura Canali, Maria Gudzenko et Alice Monicat, Doctorantes, UMR DICE, AMU M. Bonnet : Introduction\u2013 Une nouvelle constitution pour une nouvelle \u00e8re ? M. Fatin-Rouge Stefanini : Cuba, une nouvelle Constitution pour une nouvelle \u00e8re ? A. [&hellip;]\" \/>\n<meta property=\"og:url\" content=\"https:\/\/confluencedesdroits-larevue.com\/?page_id=1446\" \/>\n<meta property=\"og:site_name\" content=\"Confluence des droits_La revue\" \/>\n<meta property=\"article:modified_time\" content=\"2022-03-24T14:47:46+00:00\" \/>\n<meta name=\"twitter:card\" content=\"summary_large_image\" \/>\n<meta name=\"twitter:label1\" content=\"Dur\u00e9e de lecture estim\u00e9e\" \/>\n\t<meta name=\"twitter:data1\" content=\"1 minute\" \/>\n<script type=\"application\/ld+json\" class=\"yoast-schema-graph\">{\"@context\":\"https:\/\/schema.org\",\"@graph\":[{\"@type\":\"WebPage\",\"@id\":\"https:\/\/confluencedesdroits-larevue.com\/?page_id=1446\",\"url\":\"https:\/\/confluencedesdroits-larevue.com\/?page_id=1446\",\"name\":\"R\u00e9volutions et transitions cubaines - Confluence des droits_La revue\",\"isPartOf\":{\"@id\":\"https:\/\/confluencedesdroits-larevue.com\/#website\"},\"datePublished\":\"2021-03-19T15:37:55+00:00\",\"dateModified\":\"2022-03-24T14:47:46+00:00\",\"breadcrumb\":{\"@id\":\"https:\/\/confluencedesdroits-larevue.com\/?page_id=1446#breadcrumb\"},\"inLanguage\":\"fr-FR\",\"potentialAction\":[{\"@type\":\"ReadAction\",\"target\":[\"https:\/\/confluencedesdroits-larevue.com\/?page_id=1446\"]}]},{\"@type\":\"BreadcrumbList\",\"@id\":\"https:\/\/confluencedesdroits-larevue.com\/?page_id=1446#breadcrumb\",\"itemListElement\":[{\"@type\":\"ListItem\",\"position\":1,\"name\":\"Accueil\",\"item\":\"https:\/\/confluencedesdroits-larevue.com\/\"},{\"@type\":\"ListItem\",\"position\":2,\"name\":\"Nos dossiers sp\u00e9ciaux\",\"item\":\"https:\/\/confluencedesdroits-larevue.com\/?page_id=1440\"},{\"@type\":\"ListItem\",\"position\":3,\"name\":\"R\u00e9volutions et transitions cubaines\"}]},{\"@type\":\"WebSite\",\"@id\":\"https:\/\/confluencedesdroits-larevue.com\/#website\",\"url\":\"https:\/\/confluencedesdroits-larevue.com\/\",\"name\":\"Confluence des droits_La revue\",\"description\":\"UMR 7318 Droits International, Compar\u00e9 et Europ\u00e9en\",\"publisher\":{\"@id\":\"https:\/\/confluencedesdroits-larevue.com\/#organization\"},\"potentialAction\":[{\"@type\":\"SearchAction\",\"target\":{\"@type\":\"EntryPoint\",\"urlTemplate\":\"https:\/\/confluencedesdroits-larevue.com\/?s={search_term_string}\"},\"query-input\":\"required name=search_term_string\"}],\"inLanguage\":\"fr-FR\"},{\"@type\":\"Organization\",\"@id\":\"https:\/\/confluencedesdroits-larevue.com\/#organization\",\"name\":\"Confluence des droits_La revue\",\"url\":\"https:\/\/confluencedesdroits-larevue.com\/\",\"logo\":{\"@type\":\"ImageObject\",\"inLanguage\":\"fr-FR\",\"@id\":\"https:\/\/confluencedesdroits-larevue.com\/#\/schema\/logo\/image\/\",\"url\":\"https:\/\/confluencedesdroits-larevue.com\/wp-content\/uploads\/2024\/05\/Confluence-des-droits_La-revue.png\",\"contentUrl\":\"https:\/\/confluencedesdroits-larevue.com\/wp-content\/uploads\/2024\/05\/Confluence-des-droits_La-revue.png\",\"width\":3934,\"height\":613,\"caption\":\"Confluence des droits_La revue\"},\"image\":{\"@id\":\"https:\/\/confluencedesdroits-larevue.com\/#\/schema\/logo\/image\/\"}}]}<\/script>\n<!-- \/ Yoast SEO plugin. -->","yoast_head_json":{"title":"R\u00e9volutions et transitions cubaines - Confluence des droits_La revue","robots":{"index":"index","follow":"follow","max-snippet":"max-snippet:-1","max-image-preview":"max-image-preview:large","max-video-preview":"max-video-preview:-1"},"canonical":"https:\/\/confluencedesdroits-larevue.com\/?page_id=1446","og_locale":"fr_FR","og_type":"article","og_title":"R\u00e9volutions et transitions cubaines - Confluence des droits_La revue","og_description":"Dossier Droit, r\u00e9volutions et transitions. 1959-2019 : Cuba, soixante ans de r\u00e9volution face \u00e0 la mondialisation coordonn\u00e9 par Laura Canali, Maria Gudzenko et Alice Monicat, Doctorantes, UMR DICE, AMU M. Bonnet : Introduction\u2013 Une nouvelle constitution pour une nouvelle \u00e8re ? M. Fatin-Rouge Stefanini : Cuba, une nouvelle Constitution pour une nouvelle \u00e8re ? A. [&hellip;]","og_url":"https:\/\/confluencedesdroits-larevue.com\/?page_id=1446","og_site_name":"Confluence des droits_La revue","article_modified_time":"2022-03-24T14:47:46+00:00","twitter_card":"summary_large_image","twitter_misc":{"Dur\u00e9e de lecture estim\u00e9e":"1 minute"},"schema":{"@context":"https:\/\/schema.org","@graph":[{"@type":"WebPage","@id":"https:\/\/confluencedesdroits-larevue.com\/?page_id=1446","url":"https:\/\/confluencedesdroits-larevue.com\/?page_id=1446","name":"R\u00e9volutions et transitions cubaines - Confluence des droits_La revue","isPartOf":{"@id":"https:\/\/confluencedesdroits-larevue.com\/#website"},"datePublished":"2021-03-19T15:37:55+00:00","dateModified":"2022-03-24T14:47:46+00:00","breadcrumb":{"@id":"https:\/\/confluencedesdroits-larevue.com\/?page_id=1446#breadcrumb"},"inLanguage":"fr-FR","potentialAction":[{"@type":"ReadAction","target":["https:\/\/confluencedesdroits-larevue.com\/?page_id=1446"]}]},{"@type":"BreadcrumbList","@id":"https:\/\/confluencedesdroits-larevue.com\/?page_id=1446#breadcrumb","itemListElement":[{"@type":"ListItem","position":1,"name":"Accueil","item":"https:\/\/confluencedesdroits-larevue.com\/"},{"@type":"ListItem","position":2,"name":"Nos dossiers sp\u00e9ciaux","item":"https:\/\/confluencedesdroits-larevue.com\/?page_id=1440"},{"@type":"ListItem","position":3,"name":"R\u00e9volutions et transitions cubaines"}]},{"@type":"WebSite","@id":"https:\/\/confluencedesdroits-larevue.com\/#website","url":"https:\/\/confluencedesdroits-larevue.com\/","name":"Confluence des droits_La revue","description":"UMR 7318 Droits International, Compar\u00e9 et Europ\u00e9en","publisher":{"@id":"https:\/\/confluencedesdroits-larevue.com\/#organization"},"potentialAction":[{"@type":"SearchAction","target":{"@type":"EntryPoint","urlTemplate":"https:\/\/confluencedesdroits-larevue.com\/?s={search_term_string}"},"query-input":"required name=search_term_string"}],"inLanguage":"fr-FR"},{"@type":"Organization","@id":"https:\/\/confluencedesdroits-larevue.com\/#organization","name":"Confluence des droits_La revue","url":"https:\/\/confluencedesdroits-larevue.com\/","logo":{"@type":"ImageObject","inLanguage":"fr-FR","@id":"https:\/\/confluencedesdroits-larevue.com\/#\/schema\/logo\/image\/","url":"https:\/\/confluencedesdroits-larevue.com\/wp-content\/uploads\/2024\/05\/Confluence-des-droits_La-revue.png","contentUrl":"https:\/\/confluencedesdroits-larevue.com\/wp-content\/uploads\/2024\/05\/Confluence-des-droits_La-revue.png","width":3934,"height":613,"caption":"Confluence des droits_La revue"},"image":{"@id":"https:\/\/confluencedesdroits-larevue.com\/#\/schema\/logo\/image\/"}}]}},"post_mailing_queue_ids":[],"_links":{"self":[{"href":"https:\/\/confluencedesdroits-larevue.com\/index.php?rest_route=\/wp\/v2\/pages\/1446"}],"collection":[{"href":"https:\/\/confluencedesdroits-larevue.com\/index.php?rest_route=\/wp\/v2\/pages"}],"about":[{"href":"https:\/\/confluencedesdroits-larevue.com\/index.php?rest_route=\/wp\/v2\/types\/page"}],"author":[{"embeddable":true,"href":"https:\/\/confluencedesdroits-larevue.com\/index.php?rest_route=\/wp\/v2\/users\/1"}],"replies":[{"embeddable":true,"href":"https:\/\/confluencedesdroits-larevue.com\/index.php?rest_route=%2Fwp%2Fv2%2Fcomments&post=1446"}],"version-history":[{"count":23,"href":"https:\/\/confluencedesdroits-larevue.com\/index.php?rest_route=\/wp\/v2\/pages\/1446\/revisions"}],"predecessor-version":[{"id":1862,"href":"https:\/\/confluencedesdroits-larevue.com\/index.php?rest_route=\/wp\/v2\/pages\/1446\/revisions\/1862"}],"up":[{"embeddable":true,"href":"https:\/\/confluencedesdroits-larevue.com\/index.php?rest_route=\/wp\/v2\/pages\/1440"}],"wp:attachment":[{"href":"https:\/\/confluencedesdroits-larevue.com\/index.php?rest_route=%2Fwp%2Fv2%2Fmedia&parent=1446"}],"curies":[{"name":"wp","href":"https:\/\/api.w.org\/{rel}","templated":true}]}}